**2 - j. Let b = -222 + 213. What is c(b)?
-1
Let s(k) = k**3 - 10*k**2 + 10*k - 13. Let f be s(9). Let m(v) be the first derivative of -v**3/3 - 4*v**2 + 2*v + 30632. What is m(f)?
18
Let k(x) = 18*x - 88. Let m(p) = 41*p - 175. Let f(q) = -5*k(q) + 2*m(q). What is f(12)?
-6
Suppose 0 = -4*h - 4*o + 2*o + 6, -3*o - 13 = -5*h. Suppose -2*p - 2*g = p - 20, g = -h*p + 13. Let r(y) = -6 - p*y + 4*y + 3*y. Calculate r(6).
0
Let i(y) = -5*y + 589. Let u(v) = -11*v + 1338. Let n(b) = -9*i(b) + 4*u(b). Determine n(18).
69
Suppose c + 57 = -16*c - 2*c. Let t(d) = 6*d**2 - 5*d - 5. Let l = 6 - 12. Let w(i) = -7*i**2 + 6*i + 6. Let k(s) = l*t(s) - 5*w(s). Give k(c).
-9
Let v(i) = -741*i - 751*i + 1490*i + 7*i**2 - i**3 + 2. Determine v(5).
42
Let m(w) = 3*w + 28. Let h be m(-12). Let z be (h/6 + 0)/(19/(-57)). Let q(k) = z + 147*k**2 - 5 - 145*k**2. Determine q(-1).
1
Let w be 2 + (-4 - 610/(-5)). Let c be -1 + w/36 + 2/(-6). Let z(a) = -c - 5*a - 2*a**2 - 6 + 8. Give z(-4).
-12
Let y = 3873 + -3866. Let k(j) = -339*j + 4*j**2 + 4*j**2 + 337*j - j**3 + 1 - 2. What is k(y)?
34
Let u(y) = y**2 - y. Let r(s) = 2*s - 18. Let g be r(6). Let w(h) = 5*h**2 + 7. Let z(j) = g*u(j) + w(j). Let m be 5 + 5*(-2)/(-10). Give z(m).
7
Let h(f) be the third derivative of -3*f**5/10 - f**4/24 + 2*f**2. Let w(s) = 126*s - 9071. Let t be w(72). Determine h(t).
-19
Let o(v) = 2*v + 35*v**3 - 2*v - 65*v**3 + 4*v + 29*v**3 + 20*v**2 - 85. Give o(20).
-5
Let u be -2 + (-4 + 2/1)/((-118)/236). Let p(r) = 6*r - 12. Calculate p(u).
0
Let z(q) = q**2 - 10*q + 12. Let w be (-5)/((-15)/(-4))*(-9)/6. Suppose 0 = w*g - 5*g. Suppose 3*b + b - 32 = g. What is z(b)?
-4
Let s(c) = 9*c + 51. Let o(z) = 6*z + 26. Let l(r) = 7*o(r) - 4*s(r). Let j(b) = -b + 4. Let x(u) = 22*j(u) + 4*l(u). Calculate x(-2).
-4
Let y(g) = -g - 9. Let q(v) = -5*v - 30. Let w(f) = q(f) - 3*y(f). Let h(m) = 5*m - 3*m - m. Let s be h(-5). Calculate w(s).
7
Let h(y) = -6*y - 12*y - 3 - y**2 - 21*y - 21*y + 59*y. What is h(-2)?
-5
Let k = 2175 - 2175. Let z(w) = -w**3 + 3*w - 2. Give z(k).
-2
Let u be 4 + (-3 - -2) + 2. Let k(y) = 6*y + 25. Let j(b) = -3*b - 12. Let r(x) = u*j(x) + 2*k(x). Calculate r(-5).
5
Let d = 532 + -526. Let r(o) = -3*o + 3 + 2 + 11 - d - 2. What is r(7)?
-13
Let a(d) be the second derivative of -1/2*d**3 + 341*d + 0 - 1/2*d**2. Let h be (1 - (-2)/(-1)) + -2. Give a(h).
8
Let v(g) be the second derivative of g**3/6 - 2*g**2 - 252*g - 2. Suppose -5*j = 2*b - 29, b + 5*j = -2*b + 31. Determine v(b).
-2
Let b(f) be the third derivative of f**6/120 + 11*f**5/60 + 7*f**4/24 + 5*f**3/6 - 5633*f**2. Determine b(-4).
89
Let m(j) = -j - 6. Let v(g) = 2*g**3 - 2*g**2 + 3*g + 2. Let p be v(-2). Determine m(p).
22
Let r(i) = -63*i - 18. Let l(p) = -14*p - 2. Let f(x) = -6*l(x) + r(x). What is f(1)?
15
Let j(b) be the first derivative of 2*b**3/3 + 3*b**2/2 - 3*b - 46. Let o be j(0). Let r(s) = -5*s + 7. Let q(k) = 1. Let i(a) = -5*q(a) + r(a). What is i(o)?
17
Let l(t) = -t**3 - t - 13. Suppose 18 = -7*k - 17. Let n(g) = g**3 + 6*g**2 + 4*g - 1. Let c be n(k). Suppose 0 = c*y - y + 2*y. What is l(y)?
-13
Let v(q) = -18*q - 2. Let k(m) = -91*m - 11. Let i(r) = 2*k(r) - 11*v(r). Let n be i(2). Let x(d) = 17*d - 2 + 21*d - n*d + 1. Calculate x(-1).
-7
Let a(j) = 2*j + 36. Let y be a(-5). Suppose 2*n + 5*i - 4 = -y, 5*n + 5*i = -40. Let x(g) = -g**3 - 7*g**2 - 3*g + 7. Determine x(n).
-11
Let t(i) be the second derivative of i**4/4 - 5*i**3/6 - 2*i**2 + 2919*i. Determine t(-4).
64
Let o(h) = 4*h**2 + 3*h - 4. Let y(g) be the second derivative of -5*g**4/12 - 2*g**3/3 + 2*g**2 + 71*g. Let n(z) = 3*o(z) + 2*y(z). What is n(-2)?
2
Let g(i) = -70*i - 323. Let v(l) = 25*l + 109. Let f(t) = -4*g(t) - 11*v(t). Determine f(-19).
-2
Let b(w) = w**3 - 4*w**2 + 4*w - 2. Let z = -20 + 20. Let d be z - (2 - (5 + 4)). Let l = 9 - d. Determine b(l).
-2
Let l(t) = t + 4. Let u = 69 - 101. Let b(x) = 10*x + 24. Let r be b(-6). Let y = r - u. Calculate l(y).
0
Suppose -478*u - 68 = -461*u. Let q(t) be the second derivative of t**4/12 + 7*t**3/6 + 3*t**2 + t. Calculate q(u).
-6
Suppose 4 = 2*k - 8. Let l = -3 + k. Let u(s) = -165*s + 300*s - 139*s + 0 + 2. Determine u(l).
-10
Let b(a) = -a**3 - a**2 + 2*a - 8. Let f = -65 - -62. Give b(f).
4
Suppose -22 = 2*g - 5*p - 1, 2*p = 4*g + 2. Suppose t = 3*f - g*f + 1, 0 = -f + 2*t - 4. Let o(z) = 0*z**2 + f*z**2 + 18*z - 15*z - 4*z**2. What is o(3)?
-9
Suppose 4*x = -3*w - 12 + 3, 2*x - 3 = w. Suppose x = 3*n - 2*n + 6. Let s(a) = -3*a + 4. Let y(m) = -3*m + 3. Let z(v) = 4*s(v) - 5*y(v). Calculate z(n).
-17
Let p = -4 - -8. Let n(j) = -8*j - p*j + j**2 + 9*j. Suppose 9*v + 5548 - 5575 = 0. Calculate n(v).
0
Let q(j) be the first derivative of -j**4/4 - 4*j**3 - 7*j**2 - 15*j + 2052. Calculate q(-11).
18
Let d(r) be the second derivative of -r**4/24 + r**3 - 45*r**2 + r - 7. Let u(i) be the first derivative of d(i). Determine u(8).
-2
Let x be 5 - 6/2 - 2. Suppose x = -4*z + 184 - 8. Let w(f) = -z*f + 39*f + 2 - 3. Give w(-1).
4
Suppose -2*k - 4*q = -16, k + 0*q = 2*q - 4. Let c(x) = k*x - x - 2*x + 1. Let g be (1/3)/((-10)/6)*257700/10308. Determine c(g).
6
Let t(x) be the third derivative of -5*x**4/24 - 22737*x**2. Let f be (2 + 4)*1 + -2. Give t(f).
-20
Let y(j) = -11*j**2 + 11*j**2 - 2*j**2 + 0*j**3 + 4*j - 14 - j**3 - j**2. What is y(-5)?
16
Let j = -62 - -64. Let l(x) = -49 + 32 - x**j - 6 - 13*x. Calculate l(-11).
-1
Let b(o) = 3*o**2 + 37 - 3*o**2 - 6*o**2 - 36. Let c = -10590 + 10589. Give b(c).
-5
Let l(f) = f**2 + 10*f + 8. Let u(b) = -1 - 1 - 2*b + 7*b**2 + b**3 - 3 - 5. Let a be u(-7). Let t(v) = v**3 - 5*v**2 + v + 3. Let i be t(a). Calculate l(i).
-1
Let d(r) = -1743*r**2 + 1751*r**2 + 2*r + 3 + 4*r + r**3 + 0*r. What is d(-7)?
10
Let b(f) = 2 + 8*f + 8*f + 10*f - 22*f - 29. Suppose -7*w + 18 = -4*w. What is b(w)?
-3
Suppose 36*y - 35 = 253. Let z(x) = x**3 - 6*x**2 - 4*x + 6. Give z(y).
102
Suppose -63 + 83 = -5*r - 3*b, 0 = 2*b - 10. Let y(h) = h + 14. Calculate y(r).
7
Suppose -1 + 49 = -60*n - 132. Let u(q) = -q**3 + q**2 + 4*q + 3. Calculate u(n).
27
Let k be (1 + 1)*2/(-4). Let i be (-7)/k*(-8)/(-28). Let j(q) = 0*q + 5*q**2 - q - 10*q**2 + 3*q**i. Calculate j(1).
-3
Let b(t) = -t**2 + 11*t - 4. Let i be b(7). Suppose -w = 3*w - i. Let h(d) = -63 - 811*d**3 + 31 + 6*d + 25 - 7*d**2 + 812*d**3. Give h(w).
-7
Let q = 271 + -273. Let h(a) = a**3 - 8*a**2 + 8*a + 12. Let g be h(7). Let f(u) = -34 + g + 9 - u. Calculate f(q).
-4
Let v(f) be the third derivative of -3*f**4/4 + 5*f**3/3 - f**2 + 2*f - 14. What is v(3)?
-44
Let g(h) = 71*h**2 - h. Let x = 2806 + -2807. Give g(x).
72
Let b(l) = -l**2. Let g(u) = u**3 + 4*u**2 + u. Let a = -214 + 217. Let n be 3/(-2)*6/9. Let h(q) = a*b(q) + n*g(q). Calculate h(-7).
7
Suppose -2*o + 38 = 24. Let q = 83 + -80. Let n(c) = 2*c**q - 3*c**3 + 4 + 3*c - 67*c**2 + 73*c**2 + 2*c. Give n(o).
-10
Let b(c) = -c**2 + c + 309. Suppose 81*q + 334 = -704 - 339. Give b(q).
3
Let o(u) = -6*u + 77. Let s = -5047 - -5058. Give o(s).
11
Let c = -124 + 127. Let g(m) = -3*m**2 - m**c + 5 + 8*m + 10*m - 12*m. Let a = 29 - 33. Give g(a).
-3
Suppose -20*q + 22*q = 6. Suppose q*a - v = 86, 3*a - 66 = 2*v - 5*v. Suppose -9 = -a*m + 30*m. Let s(i) = -8*i - 1. Give s(m).
23
Let p be (-500)/20 - (-8 - 14). Let c(w) = -2*w**2 - 10*w - 3. Give c(p).
9
Let g(t) be the first derivative of -t**3/3 + 5*t**2 - 6*t - 10847. Let x(d) = -9*d**3 - d**2. Let i be x(-1). Calculate g(i).
10
Let p(i) = -16 + 153*i - 109*i - 55*i. Calculate p(-7).
61
Let o(p) = 17*p + 121. Let w be o(-7). Let s(r) = 14*r**2 - 12*r**w + 7*r - r**2. Determine s(-7).
0
Let x(p) = -p**2 - 6*p + 4. Let z = -20 + 21. Suppose -4*m - z - 3 = a, 2*a = m + 10. Let g be 0 + a - (14 - 5). What is x(g)?
9
Let b(q) = -q**3 - q**2 - q + 1. Let x = -8 + 20. Let f = x - 11. Let h(k) = -6*k**3 + 3*k**2 - 13*k + 5. Let t(d) = f*h(d) - 5*b(d). Calculate t(7).
-7
Suppose -a = 22 - 26. Let b be (72/45)/(a/10) - -3. Let m(u) = u**2 - 5*u - 9. Calculate m(b).
5
Let t(l) = 7*l. Let b(c) = -5 - 18*c + 4 + 2 + 1. Let k(y) = 3*b(y) + 7*t(y). Give k(4).
-14
Let u(s) = -s**3 - 16*s**2 - 16*s - 19. Let c(a) = -2*a**2 - 79*a - 66. Let o be c(-37). Suppose -108*x + o*x + 165 = 0. Calculate u(x).
-4
Let l(z) = z*